test common factor of 226 and q?
2
Suppose -6*p + 272 = 164. What is the highest common divisor of 1314 and p?
18
Let m = -1520 + 1864. What is the highest common factor of 301 and m?
43
Suppose -20*x - 3 + 203 = 0. Let d be -1 + 1/((-2)/238). Let r be d/(3/(-1))*2. Calculate the greatest common divisor of r and x.
10
Let z(i) = 3*i**2 + 8*i - 27. Let c be z(-11). Suppose 2*d = -4*x - 2*d + c, 6 = 3*d. Calculate the highest common factor of 12 and x.
12
Suppose y + 4*g - 8 + 1 = 0, 0 = -4*y - 4*g - 8. Let s be 43 - ((-6)/15 - 12/y). What is the highest common divisor of s and 205?
41
Suppose g - 235 = 6*g. Let a = -26 - g. What is the highest common factor of a and 7?
7
Suppose 75*k = 73*k. Suppose 18 = 3*m + 5*y, k*y - 3*y - 53 = -4*m. Calculate the highest common factor of m and 33.
11
Let y be (98/6 + 2)*15. Suppose -y = -t - 4*t. Let l = -94 + 116. Calculate the highest common factor of l and t.
11
Suppose 3*i - 26 = -4*j, -j - 5*i - 5 = -3. What is the highest common divisor of j and 80?
8
Let d = -18 - -28. Let p(y) = 2*y**2 - 10 + 2 + 7*y + 2*y**2 - 3*y**2. Let x be p(-9). Calculate the highest common divisor of d and x.
10
Let f be (-66)/(-495) + 656/30. Calculate the greatest common divisor of 14 and f.
2
Suppose 0 = -a + 1, 0 = -2*t - 4*a + a + 25. Let n be 10/(-75) - (-2117)/15. Let l = n + -53. What is the greatest common divisor of l and t?
11
Let q be 39 + (-15)/(-3) + -3. Let u = q - 25. Let y(p) = p**3 + 128. Let r be y(0). What is the greatest common factor of u and r?
16
Let k be 32 + 0 + 1 + -4 + 2. Calculate the greatest common factor of 1 and k.
1
Suppose 0 = -2*l - 3*s + 39, -4*l - 3*s + 5*s = -118. Calculate the greatest common factor of l and 4077.
27
Suppose -2*r = -a - 142, 0*a - 256 = -4*r - 5*a. What is the highest common factor of r and 253?
23
Let d be (((-920)/48)/23)/(1/(-30)). What is the highest common divisor of d and 20?
5
Let z(n) = -3*n**2 + 165*n - 129. Let m be z(54). Calculate the greatest common divisor of m and 15.
3
Suppose 0 = b + 2 - 17. Let p = 6 + b. Calculate the greatest common divisor of 14 and p.
7
Suppose 34*z = 158*z - 47616. What is the greatest common divisor of 240 and z?
48
Let r be 4/(-42) - 678408/(-2898). What is the greatest common divisor of r and 36?
18
Let p be (20/8)/((-10)/(-16)). Suppose 2*t - t - 12 = 0. Suppose t + 32 = p*k. Calculate the greatest common factor of 11 and k.
11
Let u = -353 + 357. What is the greatest common divisor of 38 and u?
2
Suppose 0*x + 4*x + 3*f = 36, -3*x - 2*f = -27. Let u be 4/6 + 30/x. Let o(c) = -5*c - 1. Let m be o(-1). Calculate the highest common factor of m and u.
4
Suppose 0 = -4*n - 0*n - 340. Let z = n + 176. Let v = z + 14. Calculate the highest common divisor of 15 and v.
15
Let r(a) = -a**2 + 9*a + 30. Let n be r(9). What is the highest common divisor of n and 70?
10
Let m(o) = 3 - 87*o + 4 + 3 + 89*o. Let l be m(7). Calculate the greatest common divisor of l and 6.
6
Suppose 3 + 11 = -m. Let h = 59 + m. Suppose 0 = -2*n - 10, 4*t - 3*n + 19 = 106. Calculate the highest common divisor of t and h.
9
Suppose -5*y + 2*k = -234, 4*y = k - 17 + 203. What is the highest common divisor of 736 and y?
46
Let o(p) = 4*p + 6. Let k be o(9). Suppose -3*i + d - 4*d + 33 = 0, -2*i + 3*d = -k. Calculate the highest common divisor of i and 3.
3
Let d be ((-63)/(-30) - 2/20) + 193. What is the greatest common divisor of 130 and d?
65
Let m = 510 + -360. What is the highest common divisor of m and 310?
10
Suppose -5*q = 5*d - 2*q - 3, -3*d + q = -13. Suppose 0 = -3*b + d + 24. What is the highest common factor of b and 135?
9
Suppose -l = 4*v - 2750, -v + 698 = 39*l - 44*l. What is the greatest common factor of v and 16?
16
Suppose -26*y + 1512 = 10*y. Calculate the highest common factor of y and 560.
14
Let n = 10 - 10. Suppose -3*a = -5*w + 4 + 18, -3*a - 12 = n. Let i = 5 - -7. What is the highest common factor of i and w?
2
Let j be (-6)/(-33) + 11/(605/2190). Calculate the greatest common divisor of 800 and j.
40
Let u(k) = 33*k - 461. Let x be u(17). Calculate the highest common divisor of x and 280.
20
Let l be -5 + (-4)/((-32)/440). What is the highest common factor of 110 and l?
10
Suppose 0 = 33*p - 5575 - 1289. Calculate the highest common factor of 256 and p.
16
Suppose -3*m + 480 + 225 = 5*u, -2*u + 273 = 3*m. Suppose 48 = 3*k - u. Calculate the greatest common divisor of k and 16.
16
Let r(h) = h**3 + 2*h**2 + 21*h - 42. Let g be r(3). Calculate the greatest common divisor of g and 30.
6
Let p(i) = -7*i + 80. Let b be p(5). What is the highest common divisor of b and 9?
9
Let b = -9 + 937. Calculate the highest common factor of 29 and b.
29
Let b(k) = -k**2 + 15. Let j be (-45)/15 - 6/(-2). Let c be b(j). What is the greatest common factor of 150 and c?
15
Suppose 4*a - 1640 = 9*j - 11*j, -4*j + 16 = 0. Calculate the highest common factor of 51 and a.
51
Let r = -78 + 95. Let k(g) = g**2 - 7*g + 9. Let j be k(8). Calculate the greatest common divisor of j and r.
17
Let y = -41 - -39. Let i be 2/(y/(-108)*3). What is the highest common factor of 4 and i?
4
Suppose -2*k + 3*k = 42. Suppose -k = -3*p + 24. Suppose 314*x = 312*x - 10, y + 5*x - 8 = 0. Calculate the highest common divisor of y and p.
11
Suppose 0 = 3*v + 14 - 23. Suppose 0 = -2*i - 5 - v. Let d(r) = -24*r - 6. Let y be d(i). Calculate the greatest common factor of y and 10.
10
Suppose -5280 = -3*o + v + 2*v, -2*v + 1760 = o. Suppose -9*a + o = a. What is the highest common divisor of 16 and a?
16
Let x = -2 - -4. Suppose 60 = x*o + o. Let a(n) = 2*n**3 + 6*n**2 - 2*n - 16. Let f be a(2). What is the highest common divisor of o and f?
20
Suppose -v - 5*i = -80, v - 3*i + 286 = 5*v. What is the highest common divisor of 91 and v?
7
Let i = -1073 - -1601. What is the highest common factor of 48 and i?
48
Suppose n = -17*n + 2718. Let s = -56 + n. What is the highest common factor of 19 and s?
19
Suppose 24*k = 1912 + 8840. What is the highest common divisor of 560 and k?
112
Suppose -3*f = -7*f - 20. Let c = 30 + f. Let z = 37 - c. What is the greatest common factor of z and 12?
12
Let i(q) = -25*q + 5. Let r(j) = j**3 - 2*j**2 - 2*j + 1. Let k be r(2). Let f be i(k). Calculate the greatest common divisor of f and 10.
10
Suppose -4*b = -4*q + 29 - 5, -2*b + 4*q - 12 = 0. Let r = 24 - b. Calculate the greatest common factor of r and 120.
30
Suppose -g + 69 = -4*g. Let n = g - -28. Suppose -30 = n*o - 6*o. What is the highest common divisor of o and 75?
15
Let s = 55 + 426. What is the highest common factor of s and 65?
13
Suppose -2*i + 0*i = -o - 6, 3*o + 16 = 5*i. Let t = 23 + -11. Suppose -t + 0 = -4*k, 0 = 3*w + 2*k - 24. What is the highest common factor of i and w?
2
Let d be (9/6)/(3/5)*24. Let y = 134 - d. Calculate the highest common factor of 185 and y.
37
Let b(p) = -p - 1. Let o be b(-3). Suppose 27 = r - o*t - 2*t, 5*r = -4*t + 15. Let u be (4/6)/((-2)/(-126)). Calculate the greatest common factor of u and r.
7
Suppose 0 = 8*t - 7*t - 88. Calculate the greatest common divisor of 55 and t.
11
Suppose 2*u - r = -4 - 3, 3*u + 5*r = -43. Let n be (-64)/u*((-12)/8 + 3). Calculate the greatest common factor of n and 56.
8
Let r be 7/(1 + 0 + 0). Let t be (0 + -1)*r/((-7)/24). What is the highest common divisor of 72 and t?
24
Let y = -7 + 14. Suppose -40*p + 2079 = -37*p + 24*p. Calculate the greatest common divisor of y and p.
7
Suppose 2999 = 39*j + 269. Calculate the highest common divisor of 56 and j.
14
Let g(o) = 4*o**2 + 24*o - 45. Let s be g(2). Calculate the greatest common divisor of s and 209.
19
Let i = 59 - 51. Let r be (-12)/(0 - (-6)/(-8)). Calculate the highest common divisor of i and r.
8
Suppose 5*n - 11 = -2*j, 5*n = 2*j - 3 + 2. Suppose 9*g + 3*y = 11*g - 18, 3*g = -2*y + 1. Calculate the highest common divisor of j and g.
3
Suppose -36*h = -64*h + 1540. Let s(a) = a + 11. Let d be s(0). Calculate the highest common divisor of h and d.
11
Let t(i) = 19*i + 112. Let o be t(-6). Let r be (15/(-2))/(o/4). Let d = -2 + 7. What is the greatest common factor of d and r?
5
Let f be (-127)/1 + 2/(-1). Let n be 8/20 - f/15. Let h be 1/(-2) - 26/(-4). Calculate the highest common factor of n and h.
3
Suppose 11 - 20 = 3*b. Let z be (b - 279/(-21))*7. Calculate